8*y - 6. Calculate q(0).
-6
Let g(f) = f**2 + 7*f + 4. Determine g(-8).
12
Let o(g) = 5*g**3 + g**2 - 2*g + 8. Determine o(-3).
-112
Let o(r) = r**3 - 8*r**2 + 2*r - 2. What is o(8)?
14
Let p(i) = -9*i + 13. What is p(4)?
-23
Let h(d) = 4*d - 1. Give h(2).
7
Let i(y) = -36*y**2 + y. Give i(1).
-35
Let s(k) = -k**3 - 24*k**2 + 24*k - 31. Give s(-25).
-6
Let h(n) = -n**3 - 7*n**2 + 7*n + 3. What is h(-8)?
11
Let b(c) = -28*c**3 - 2*c**2 + c. Calculate b(1).
-29
Let y(l) = -l**2 + 6*l + 44. Give y(9).
17
Let b(r) = -r**3 + 21*r**2 - 21*r + 27. Calculate b(20).
7
Let t(j) = -30*j**3 + j. Calculate t(1).
-29
Let x(b) = -25*b**3 - b**2 - 4*b + 4. Calculate x(1).
-26
Let i(a) = -2*a**3 + 2*a + 1. Calculate i(2).
-11
Let h(u) = -u**3 - 16*u**2 + 2*u + 36. What is h(-16)?
4
Let g(i) = 8*i**3 + i. Give g(-1).
-9
Let a(k) = -18*k**3. Give a(-1).
18
Let a(n) = 7*n + 54. Give a(-3).
33
Let c(g) = -g**2 - 9*g + 159. Give c(-18).
-3
Let m(j) = -j**3 + 6*j**2 + j + 37. What is m(7)?
-5
Let i(z) = z**3 + 4*z**2 + 4*z - 3. Calculate i(-4).
-19
Let d(b) = -b**3 - 18*b**2 + 7*b + 35. Give d(-18).
-91
Let d(i) = 15*i - 118. What is d(7)?
-13
Let r(c) = c**3 + 12*c**2 + 2. Determine r(-12).
2
Let g(d) = -d**2 + 28*d + 20. Determine g(30).
-40
Let l(v) = -v**3 + 8*v**2 + 24*v - 15. Determine l(10).
25
Let x(q) = -5*q + 14. Calculate x(10).
-36
Let f(s) = -2*s**2 - 9*s - 11. What is f(-2)?
-1
Let b(t) = 2*t + 22. Calculate b(-10).
2
Let x(i) = 7*i**3 - 4*i**2 + 3*i + 1. Calculate x(1).
7
Let o(j) = -j**2 + 4*j - 2. Give o(6).
-14
Let v(f) = -12*f - 100. Give v(-8).
-4
Let d(t) = -t**3 + 6*t**2 - t - 3. Determine d(5).
17
Let w(l) = l**2 - 8*l - 3. What is w(7)?
-10
Let o(m) = m**3 + 2*m**2 - 8*m + 5. Give o(-4).
5
Let t(n) = -n**3 + 19*n**2 + 17*n + 74. Determine t(20).
14
Let w(y) = -5*y - 9. Determine w(-4).
11
Let m(r) = 14*r - 19. Give m(-2).
-47
Let y(d) = -6*d - 10. Give y(5).
-40
Let g(w) = -w**3 + 5*w**2 - 3*w + 8. Determine g(4).
12
Let n(v) = -13*v + 4. What is n(3)?
-35
Let w(l) = -4*l**2 - 37*l - 25. What is w(-9)?
-16
Let j(v) = v**3 + 11*v**2 - 11*v + 13. Determine j(-12).
1
Let g(y) = -y**2 + 11*y + 38. Give g(-4).
-22
Let c(g) = g**2 + 6*g + 3. What is c(-5)?
-2
Let n(q) = q**2 + 19*q - 4. Calculate n(-18).
-22
Let d(a) = 11*a + 156. Determine d(-14).
2
Let p(s) = -s**2 - 9*s + 1. Calculate p(-7).
15
Let n(s) = -s**2 + s. What is n(4)?
-12
Let b(o) = -2*o - 16. What is b(-10)?
4
Let s(l) = -l**2 + 3*l + 3. Determine s(-5).
-37
Let y(d) = 8*d + 8. Give y(0).
8
Let g(a) = 3*a**3 - 112*a**2 + 37*a + 7. Give g(37).
7
Let h(j) = -j**2 - 11*j + 14. Give h(-10).
24
Let d(m) = 4*m + 25. Determine d(-11).
-19
Let l(q) = 39*q**2 - 7*q - 4. Determine l(-1).
42
Let k(z) = -2*z + 29. Give k(5).
19
Let s(t) = -t**3 - 2*t**2 + 6*t - 12. Determine s(-5).
33
Let p(t) = 3*t - 6. Calculate p(2).
0
Let x(p) = -p**3 + 8*p**2 - 5*p + 10. Calculate x(8).
-30
Let v(r) = -r**2 - 5. Calculate v(4).
-21
Let m(z) = -z**3 - 11*z**2 - 7*z + 23. What is m(-10)?
-7
Let q(d) = -4*d**2 + 34*d - 11. What is q(8)?
5
Let b(p) = -p + 8. Determine b(4).
4
Let a(j) = j**3 - 12*j**2 - 2*j + 135. What is a(11)?
-8
Let v(m) = -m**2 + 8*m + 22. Give v(10).
2
Let o(y) = 10*y**3 + 3*y**2 + 2*y + 2. What is o(-1)?
-7
Let d(r) = r + 5. Calculate d(8).
13
Let m(h) = h**3 + 45*h**2 - h - 43. What is m(-45)?
2
Let y(g) = g - 4. Calculate y(-7).
-11
Let y(w) = -2*w**2 + 16*w - 42. Determine y(6).
-18
Let k(u) = -8*u + 261. Determine k(32).
5
Let x(j) = -j**2 + 16*j - 11. What is x(16)?
-11
Let n(g) = g**3 - 22*g**2 - 27*g + 57. Give n(23).
-35
Let r(d) = -d**2 - 10*d + 21. Calculate r(-13).
-18
Let x(o) = o**2 + 18*o - 24. What is x(6)?
120
Let x(l) = 2*l**2 + 19*l - 9. What is x(-10)?
1
Let t(j) = j**2 + 2*j - 6. Give t(-4).
2
Let l(m) = -m**2 + 11*m - 4. Give l(8).
20
Let f(v) = v**2 - 16*v - 3. What is f(8)?
-67
Let v(a) = a + 45. Determine v(-13).
32
Let b(d) = -5*d**2 + 2*d - 8. Determine b(3).
-47
Let p(o) = 3*o**2 + 4*o + 3. What is p(-3)?
18
Let l(z) = -43*z - 194. Calculate l(-5).
21
Let d(x) = 2*x**2 + 51*x + 103. Determine d(-23).
-12
Let b(h) = -2*h**3 - 5*h**2. Calculate b(-4).
48
Let g(f) = -187*f - 565. Calculate g(-3).
-4
Let o(k) = -k**2 + 26*k + 57. Give o(28).
1
Let b(x) = -18*x + 255. Give b(14).
3
Let z(m) = m - 2. Calculate z(-3).
-5
Let h(q) = -2*q**2 + 3*q + 1. Calculate h(-2).
-13
Let a(n) = -n + 31. What is a(9)?
22
Let b(m) = -24*m + 158. Determine b(7).
-10
Let d(q) = -2*q**3 + 2*q**2 - 4*q + 2. What is d(1)?
-2
Let d(p) = -5*p**2 - 9*p + 2. Calculate d(-2).
0
Let v(n) = -n**3 - 4*n**2 + 5*n - 3. Give v(-5).
-3
Let i(o) = -13*o - 58. Give i(-6).
20
Let h(b) = -2*b**3 - 3*b**2 + b + 2. Determine h(2).
-24
Let y(p) = -3*p**2 + 2*p + 17. Give y(5).
-48
Let w(q) = q - 2. Calculate w(-6).
-8
Let m(u) = -4*u - 34. What is m(-12)?
14
Let v(g) = 13*g + 1. Determine v(1).
14
Let i(s) = s**3 + 19*s**2 + 21*s + 16. Determine i(-18).
-38
Let z(p) = -50*p - 12. Calculate z(-1).
38
Let d(j) = -j**3 - 6*j**2 - 8*j + 1. What is d(-4)?
1
Let h(a) = 4*a - 8. Give h(6).
16
Let v(y) = 5*y**2 + 6*y - 6. Determine v(1).
5
Let j(g) = -g + 34. Calculate j(19).
15
Let f(m) = -238*m - 1. Give f(-1).
237
Let m(n) = 10*n**3 + n**2 + 2*n + 1. Give m(-1).
-10
Let a(l) = -l**3 + 7*l**2 + 12*l - 7. What is a(8)?
25
Let y(a) = 11*a + 74. Give y(-6).
8
Let k(x) = -x**2 - 8. Determine k(3).
-17
Let h(l) = -l**3 - 23*l**2 - 4*l - 22. What is h(-23)?
70
Let c(z) = 74*z**3 - z**2 - 4*z - 3. Give c(-1).
-74
Let m(v) = 2*v**3 - 4*v**2 - 8*v + 6. Calculate m(3).
0
Let a(t) = 3*t + 22. Give a(-7).
1
Let n(x) = 13*x**2 + 36*x - 76. What is n(2)?
48
Let c(a) = -87*a**2 - 3*a. Determine c(-1).
-84
Let y(c) = -c**3 + 23*c**2 + 49*c + 31. What is y(25)?
6
Let r(q) = -q**3 - 12*q**2 - 36*q + 21. Calculate r(-7).
28
Let f(x) = x**3 - 7*x**2 + 2*x - 6. Calculate f(7).
8
Let k(g) = -2*g - 129. What is k(-32)?
-65
Let a(s) = 2*s**3 - 11*s**2 + 6*s - 9. What is a(5)?
-4
Let t(k) = 2*k**2 + 60*k + 64. Give t(-29).
6
Let i(h) = 47*h - 1. Calculate i(-1).
-48
Let r(n) = 5*n + 11. Determine r(-7).
-24
Let h(y) = -2*y + 47. Give h(22).
3
Let j(t) = 3*t**2 + 148*t - 98. Give j(-50).
2
Let y(i) = -3*i**2 - 14*i + 7. Give y(-6).
-17
Let c(j) = 31*j**2 - 93*j - 4. Determine c(3).
-4
Let w(l) = l**2 - 12*l + 37. Give w(8).
5
Let v(y) = 20*y - 16. Calculate v(1).
4
Let k(i) = -i**3 + 11*i**2 + 5*i - 25. Give k(12).
-109
Let r(s) = -s**2 - 4*s + 4. Give r(2).
-8
Let v(l) = l**3 - 50*l**2 - 52*l + 58. Give v(51).
7
Let v(y) = -y - 28. Determine v(0).
-28
Let q(s) = s**3 - 25*s**2 + 25*s - 5. What is q(24)?
19
Let m(r) = r**2 + 9*r - 131. Determine m(-17).
5
Let a(r) = r**2 - 4. Determine a(2).
0
Let r(u) = -u**3 - 8*u**2 + u + 4. What is r(-8)?
-4
Let m(r) = r**2 - r + 6. Give m(5).
26
Let d(r) = r + 9. Determine d(-8).
1
Let y(d) = -d**3 - 5*d**2 + 6*d + 9. Give y(-6).
9
Let h(r) = -27*r - 85. Calculate h(-3).
-4
Let f(a) = -2*a**3 + 19*a**2 - 10*a - 6. Give f(9).
-15
Let y(v) = v**3 - 5*v**2 - v + 4. What is y(4)?
-16
Let t(s) = -6*s - 93. Give t(-10).
-33
Let p(i) = -i**2 + 8*i + 5. Determine p(8).
5
Let a(j) = j**2 - 17*j + 8. Determine a(16).
-8
Let g(o) = -o**3 - 8*o**2 - o - 11. What is g(-8)?
-3
Let n(w) = w**3 - 3*w**2 - 16*w + 35. Determine n(5).
5
Let b(m) = 18*m - 296. What is b(16)?
-8
Let j(q) = -q**2 + 7*q - 6. Give j(2).
4
Let u(n) = n**3 - 12*n**2 + n - 7. Give u(12).
5
Let q(d) = -10*d - 60. Give q(-10).
40
Let h(y) = 7*y - 4. Calculate h(-2).
-18
Let p(f) = -f + 7. Calculate p(8).
-1
Let q(u) = u**2 - 15*u + 43. Give q(3).
7
Let s(k) = k**3 - 12*k**2 + 13*k + 9. Calculate s(10).
-61
Let q(w) = 38*w - 5. Determine q(-1).
-43
Let j(q) = 30*q + 113. What is j(-4)?
-7
Let h(n) = -4*n. Give h(7).
-28
Let a(q) = 56*q + 286. What is a(-5)?
6
Let y(u) = 6*u + 11. Calculate y(-3).
-7
Let w(c) = c**3 - 6*c**2 - 3*c - 12. What is w(6)?
-30
Let l(g) = 2*g**2 - 6*g. Determine l(6).
36
Let r(i) = i**3 + 10*i**2 + 10*i + 17. Give r(-9).
8
Let d(q) = q**3 + q**2 - q - 1. What is d(2)?
9
Let v(p) = 4*p**3 + p**2 - p. Give v(1).
4
Let k(w) = 7*w - 229. Calculate k(35).
16
Let o(y) = -y**2 + 15*y - 12. Give o(14).
2
Let p(f) = f**3 + 4*f**2 - f + 3. What is p(-5)?
-17
Let s(g) = 68*g + 755. What is s(-11)?
7
Let n(b) = -b**2 + 4*b + 1